410 = -2*v. Let a = -82 + s. What is the units digit of a?
4
Suppose 61*c - 273999 = 99382. What is the thousands digit of c?
6
Let h(r) = 18*r + 3. Let l be h(-1). What is the units digit of 42/12*l/7*-70?
5
Let w(h) = 3362*h + 765. What is the thousands digit of w(17)?
7
Suppose 0 = -228*o + 4499349 + 2925899 - 563816. What is the units digit of o?
4
Suppose 45*k - 84498 = -15*k + 293562. What is the units digit of k?
1
Let a = 56 - 93. Let m = -35 - a. Suppose -3*g = m*g - 190. What is the units digit of g?
8
Suppose -4*s - 3*x + 3 = -8, -5*s = -4*x - 6. Suppose -5*i + s*m - 708 + 3721 = 0, -2416 = -4*i - 4*m. What is the units digit of i?
3
Let f be 26/18 + (-48)/108 + 58. Suppose 65*w - f*w = 6138. What is the tens digit of w?
2
What is the units digit of (-76 + -194)*1*(-75)/6?
5
Let x be (-5 - -3) + -1 + 6. Suppose -5*j - 382 = x*v, 6*v = v - 2*j - 605. Let r = 171 - v. What is the hundreds digit of r?
2
Let z = 662 + -201. Suppose 5*x - z = 539. Suppose 0 = -4*k + 500 + x. What is the units digit of k?
5
Suppose 0*j = j + 5. Let m be (j/15)/(1/3). What is the units digit of (-4)/(((-44)/36 - m) + 0)?
8
Suppose -2*x + 342 = -x. Let p = x - 162. What is the tens digit of p?
8
Suppose 127 - 479 = -a. Let p be a/(-3)*9/(-4). Suppose 3*z + 2*x = p, -3*z - 5*x + 207 = -57. What is the tens digit of z?
8
What is the ten thousands digit of ((-30)/4)/5 + 1510223/118?
1
Suppose 79944 = 12*s - 20106 - 45954. What is the tens digit of s?
6
What is the thousands digit of (113 - 112)/((-233001)/58251 + 4)?
9
Suppose 130*l - 15624 = 128*l. What is the tens digit of l?
1
Let p(x) = 7*x**2 - 32*x - 10. Let l be p(-7). Suppose -554*t - 1884 = -l*t. What is the units digit of t?
8
Suppose 33 = 6*t + 3. Suppose 0 = 6*j - 3*j - 6, t*j = -v + 441. What is the tens digit of v?
3
What is the tens digit of (12/8*3)/((-348)/(-2664520))?
5
Suppose 42*x + 185 = 47*x. Suppose 4*n = 53 - x. Suppose -6*m + 7*m = -2*y + 282, 0 = 3*y + n*m - 433. What is the units digit of y?
9
Let k(v) = 4*v**2 - 11*v - 5. Let t(u) = 9*u**2 - 24*u - 11. Let p(i) = -7*k(i) + 3*t(i). Let s be p(3). What is the units digit of (-1 - 13)/(s/(-112))?
6
Let b(d) = 856*d**2 - 4*d + 82. What is the units digit of b(6)?
4
Suppose 2*z + 1692 = s + 7*z, -3*s = -4*z - 5133. Suppose 2*g + 2*o = 5*g - 89, 69 = 3*g + 3*o. What is the units digit of s/g + (-8)/36?
3
Let c = 0 + 6. Suppose 0 = -3*r + c, 0 = -0*a + 2*a + 2*r - 104. Suppose -5*m = 2*d + 87 - 343, -m = d - a. What is the units digit of m?
2
Suppose -d - 18348 = -2*w, -6*w + 36702 = -2*w - d. What is the hundreds digit of w?
1
Suppose 0 = 3*r + 3*p + 1632, -r + 3*p = 2*r + 1620. Let i = -497 - r. What is the tens digit of i?
4
Let t = 61 - 50. Suppose 12*l = t*l + 6. Suppose 5*s - 17 = -4*r, 0*r - l = -2*s - 2*r. What is the units digit of s?
5
Let v(l) = 988*l**2 + 848*l + 8. What is the units digit of v(5)?
8
Let f = -46 + 27. Let d = f - -19. Suppose 3*k + 2*m - 90 = d, -m - m + 60 = 2*k. What is the units digit of k?
0
Let t(l) = 8*l**3 + 36*l**2 - 13*l - 12. Let h(v) = -2*v**3 - 9*v**2 + 3*v + 3. Let a(b) = 9*h(b) + 2*t(b). What is the tens digit of a(-10)?
9
Let x(w) = 4*w**3 + 6*w**2 - 5*w + 19. Suppose 0 = 3*z - 4*i - 33, -29*i + 24*i = -4*z + 43. What is the units digit of x(z)?
0
Suppose -2*j - 1755 + 20399 = 5*b, -37232 = -4*j + 4*b. What is the hundreds digit of j?
3
Suppose -13*u = -184 + 15. What is the tens digit of (-6 + u + -3)*8?
3
Let r = -57 - -42. Let t be -2*r/(-6)*1. What is the units digit of (-34)/t - 1/(-5)?
7
Let d(a) = 49*a + 70. Let q(p) = 16*p + 23. Let h(t) = -2*d(t) + 7*q(t). Let w be h(3). Let c = w - 17. What is the tens digit of c?
4
Suppose -4766 - 7100 - 21246 = -8*h. What is the units digit of h?
9
Suppose 0 = -6*b + 3241 + 37937. What is the units digit of b?
3
Let r(p) = 19*p**3 - 25*p**2 + 59*p + 558. What is the ten thousands digit of r(16)?
7
Let g(w) = 7*w**2 - w + 14. Let x be (-4 - 25/(-5)) + -1*23. Let b = x - -18. What is the tens digit of g(b)?
3
Suppose 7*m = -10 - 25. Let u be (-145)/(-58)*(-596)/m. Suppose 3*s - u = 224. What is the hundreds digit of s?
1
Suppose -l = -6*l + 3*m + 9, 0 = -3*l + m + 7. Suppose -10*j - l*j = 182. What is the units digit of (-2188)/j + (-4)/14?
6
Let b be 6/4 - (-424)/(-16). Let t be b/(1*(4 + -3)). What is the units digit of (-105)/t - (-2)/(-10)?
4
Let m = 11 + -24. Let x(c) = 2*c**2 + 20*c + 32. Let z be x(m). Suppose -6*g + 70 = -z. What is the units digit of g?
0
Let h = -471 - -718. Let l = 143 - h. Let u = -19 - l. What is the tens digit of u?
8
Let u(k) = 18*k + 2. Let m be u(2). Let o be (924/(-98))/((-324)/(-112) + -3). Suppose -m - o = -7*w. What is the units digit of w?
8
Suppose -4*t + 5 = -3*l, 0 = -2*t + 5*l - 0*l - 15. Let f(n) = 22*n**2 + 5*n + 5. Let w be f(t). Suppose -9*u - u + w = 0. What is the tens digit of u?
5
Suppose -x + 32 = 3*i + 159, 3*x + 2*i + 409 = 0. Let v = 81 - x. What is the units digit of v?
0
Let d(o) = 111*o - 23. Let p be d(15). Suppose b + 4*c - 7*c - p = 0, -5*c = -2*b + 3288. What is the units digit of b?
4
Suppose 0 = -0*r + 2*r. Let z(s) = s**3 + 25*s**2 + 27*s + 74. Let g be z(-24). What is the hundreds digit of g + ((-560)/(-5) - r/3)?
1
Let h = -81531 + 115848. What is the thousands digit of h?
4
Let h be (-6)/1*(-1 + 56/(-16)). Let v(t) = -7*t + 3. Let b be v(3). Let x = h - b. What is the tens digit of x?
4
Let a(u) = -u**3 - 7*u**2 - 11*u - 2. Let g be a(-5). Suppose 4*b - q - 2457 = 0, g*q = 2*b - b - 606. Suppose -2*r - b = -17*r. What is the tens digit of r?
4
Let c = 2393 + -1284. Let b = c - 695. What is the hundreds digit of b?
4
Let t = 332 - 209. Suppose t*r - 4500 = 117*r. What is the hundreds digit of r?
7
Let m = -139 - 1. Let w = 160 - m. What is the tens digit of w?
0
Let m(t) = t**2 + 10*t + 28. Let r be m(-8). Suppose -4541 = -31*h + r*h. What is the hundreds digit of h?
2
Suppose -4*u + 760771 = 4*u + 271243. What is the hundreds digit of u?
1
Let p be 1*7/(-7)*-4. What is the units digit of p - (2 - -7) - -797?
2
Let o = 32742 - -8144. What is the units digit of o?
6
Suppose -155*o - 953 = -z - 158*o, 0 = -3*z + 5*o + 2803. Suppose -3*p + z = -1906. What is the units digit of p?
9
Suppose 2*j = 59 - 75, 0 = -3*r + 4*j + 74897. What is the thousands digit of r?
4
Let o be ((-126)/(-195) - (-2)/13)*5. What is the tens digit of ((-1932)/48)/(3/(-60)) + o?
0
Let c(j) = -j**3 + 7*j**2 + 3*j - 14. Let g = 86 + -79. What is the units digit of c(g)?
7
Let j = 118 - -104. Suppose -5*c - 905 = -4*d, -d - 3*c + 0*c = -j. What is the tens digit of d?
2
Let v = 61465 - 37049. What is the ten thousands digit of v?
2
Suppose -5*l + 286520 = -s, s = l - 21834 - 35474. What is the thousands digit of l?
7
Let i be (9/(225/10))/((-2)/(-220)). Let q = -40 + i. Suppose 0 = 4*y - 3*f - 868, 0*f + 3*f = -q*y + 844. What is the units digit of y?
4
Suppose -3*n - 14782 = -2*z, 3*z - 7*n + 2*n - 22173 = 0. What is the thousands digit of z?
7
Suppose 0 = 3*s + 4*g - 57, -2 = 2*g - 8. What is the units digit of -57*s/10*-2?
1
Let w(r) = 33*r**2 - 12*r + 24. Let q be w(18). Suppose 7*p + 7*p - q = 0. What is the units digit of p?
0
Let z = 653 + -646. Suppose 4*v = 2*r - z*r + 5592, 16 = 4*r. What is the thousands digit of v?
1
Let c(j) = -951*j - 268. What is the thousands digit of c(-10)?
9
Suppose -770941 = -60*v + 99899. What is the hundreds digit of v?
5
Let o = 1770 + 575. What is the hundreds digit of o?
3
Let y be ((-5)/(-3)*-1)/((-35)/126). What is the units digit of (1/((-9)/1662))/((-4)/y)?
7
Suppose 3*u = 2*g + 28556 + 1438, 0 = -5*u - 3*g + 50028. What is the ten thousands digit of u?
1
Suppose 4 = -4*h + 8, j = 5*h + 702. Suppose 2233 + j = 28*g. What is the tens digit of g?
0
What is the units digit of (4 - 2)*(-2)/(-4)*(-194355)/(-63)?
5
Suppose -130 = 3*u - 877. Let s = 480 - u. Let q = -138 + s. What is the tens digit of q?
9
Let y be (56/35)/(4/10). Let q(j) = -j**2 + 1. Let t(g) = -10*g**2 + g - 1. Let h(f) = 2*q(f) - t(f). What is the hundreds digit of h(y)?
1
Suppose 4*v - 42 = 2*h + 56, -5*v - 3*h + 128 = 0. Suppose -k + 6*k - v = 0. Suppose -5*p = 4*y - 57, -k*y - 12 = -5*p + 2*p. What is the units digit of p?
9
Let d = 101042 - 71918. What is the ten thousands digit of d?
2
Suppose -3838 